se 12.
988
What is -565 (base 9) in base 8?
-720
What is -3450 (base 8) in base 2?
-11100101000
What is -1898a (base 11) in base 13?
-c088
What is 251 (base 8) in base 16?
a9
Convert -112e (base 15) to base 2.
-111000111100
Convert 5020 (base 11) to base 8.
15025
What is -31 (base 10) in base 11?
-29
Convert -102002210 (base 3) to base 16.
-1f9e
1556 (base 11) to base 3
2201222
Convert 111000010100 (base 2) to base 14.
1456
1132 (base 6) to base 2
100010000
What is -228 (base 14) in base 9?
-525
46 (base 11) to base 6
122
What is 1021031 (base 4) in base 14?
19c9
Convert -1542 (base 12) to base 16.
-9c2
Convert -d91 (base 14) to base 10.
-2675
What is -868c (base 13) in base 2?
-100100100010010
-402 (base 8) to base 13
-16b
What is -4586 (base 15) in base 11?
-100a0
What is -1513b (base 15) in base 16?
-108c5
2c0 (base 14) to base 12
3a8
-35044 (base 6) to base 4
-1032010
Convert -100002001 (base 3) to base 7.
-25201
What is 21313 (base 4) in base 6?
2531
-51b (base 14) to base 13
-5c4
What is 641 (base 12) in base 11?
760
What is -101034 (base 5) in base 12?
-1a85
-10333 (base 4) to base 7
-634
Convert -613 (base 8) to base 16.
-18b
14271 (base 8) to base 7
24311
What is 112111 (base 5) in base 14?
167d
-18ea (base 16) to base 12
-3836
What is 1220200 (base 3) in base 13?
834
What is -a145 (base 11) in base 5?
-412410
What is -1100100101101010 (base 2) in base 13?
-1a614
290 (base 16) to base 15
2db
-3313023 (base 4) to base 13
-727b
Convert 101001010010 (base 2) to base 14.
d6a
9acb (base 13) to base 8
52176
Convert 30424 (base 7) to base 2.
1110011111001
Convert 100011001011010 (base 2) to base 16.
465a
Convert -22210 (base 3) to base 7.
-456
3027 (base 8) to base 16
617
What is 100100010101 (base 2) in base 5?
33300
Convert -6886 (base 12) to base 3.
-120221110
1121121 (base 3) to base 13
6c7
Convert 1735 (base 8) to base 2.
1111011101
What is -1448 (base 12) in base 9?
-3212
-103024 (base 6) to base 3
-102120121
Convert 35578 (base 10) to base 16.
8afa
Convert 2201012112 (base 3) to base 7.
311405
-122011120 (base 3) to base 5
-400031
Convert 162 (base 8) to base 4.
1302
What is -2154 (base 6) in base 3?
-200121
2184 (base 10) to base 7
6240
-102001221 (base 3) to base 11
-6078
-3871 (base 12) to base 5
-201141
What is -2230 (base 4) in base 6?
-444
What is 101411 (base 5) in base 7?
12533
24162 (base 11) to base 16
87eb
Convert -1016 (base 8) to base 12.
-37a
11656 (base 9) to base 13
3741
19774 (base 10) to base 8
46476
-5832 (base 9) to base 13
-1c76
-949 (base 11) to base 2
-10001110110
What is 13000110 (base 4) in base 2?
111000000010100
10001111100 (base 2) to base 5
14043
Convert -6313 (base 7) to base 15.
-9ca
What is 148 (base 15) in base 2?
100100101
Convert 221201 (base 5) to base 15.
241b
-4714 (base 12) to base 2
-1111100000000
Convert 43113 (base 6) to base 7.
23064
What is 9d1 (base 16) in base 7?
10220
What is 10210222 (base 3) in base 11?
20a8
What is -18 (base 11) in base 8?
-23
What is 2021120 (base 3) in base 9?
2246
Convert -124077 (base 8) to base 10.
-43071
What is 1051434 (base 6) in base 15?
10ccd
What is 4063 (base 7) in base 12?
9a1
Convert 13202 (base 10) to base 16.
3392
10500 (base 8) to base 15
1496
-221 (base 9) to base 2
-10110101
What is -335 (base 12) in base 6?
-2105
-338 (base 12) to base 3
-122122
What is -114441 (base 7) in base 15?
-6270
283 (base 11) to base 16
14d
What is -e4a6 (base 15) in base 6?
-1011350
What is -29067 (base 11) in base 8?
-120566
-18a (base 13) to base 12
-1b7
-11b4 (base 13) to base 7
-10220
Convert 3212 (base 5) to base 3.
121000
Convert 7239 (base 11) to base 6.
112241
Convert 31212 (base 5) to base 11.
1600
What is -1654b (base 14) in base 6?
-1110531
Convert 143132 (base 7) to base 4.
12231320
What is 33562 (base 7) in base 13?
3b56
Convert 40c (base 15) to base 5.
12122
What is 1546 (base 11) in base 15?
8c6
-17612 (base 8) to base 14
-2d2a
-a4 (base 12) to base 4
-1330
What is -10441 (base 6) in base 7?
-4162
What is 130111 (base 4) in base 8?
3425
What is f3d (base 16) in base 13?
1a11
What is 740 (base 8) in base 9?
583
-7297 (base 10) to base 8
-16201
What is 750 (base 8) in base 7?
1265
What is -122 (base 13) in base 5?
-1242
-66c (base 15) to base 3
-1222210
Convert 389 (base 10) to base 7.
1064
What is -1011101101 (base 2) in base 15?
-34e
Convert 5233 (base 10) to base 9.
7154
Convert -22031 (base 5) to base 6.
-11004
Convert -120255 (base 9) to base 16.
-11abf
Convert 22e (base 15) to base 2.
111101110
What is 530 (base 11) in base 5?
10023
Convert -1111 (base 5) to base 12.
-110
111110 (base 2) to base 5
222
684 (base 12) to base 6
4244
-22213 (base 7) to base 2
-1010111011100
Convert -54b (base 14) to base 11.
-872
13490 (base 14) to base 15
e158
Convert 1183 (base 12) to base 9.
2630
What is 12344 (base 5) in base 2?
1111001110
Convert -3576 (base 9) to base 12.
-1659
-86a0 (base 11) to base 6
-125100
-10011000000 (base 2) to base 10
-1216
1001010001001 (base 2) to base 14
1a2d
What is -383 (base 11) in base 4?
-13012
What is -212441 (base 5) in base 8?
-16116
Convert 3881 (base 11) to base 15.
176a
Convert 19a (base 13) to base 11.
24a
What is -1132 (base 9) in base 12?
-59b
Convert 847 (base 12) to base 10.
1207
What is -36245 (base 7) in base 2?
-10010010110000
-2389 (base 12) to base 10
-3993
-1b2d (base 16) to base 2
-1101100101101
What is 804 (base 13) in base 10?
1356
Convert 540 (base 8) to base 14.
1b2
Convert -11ddc (base 16) to base 7.
-423232
What is -444 (base 8) in base 11?
-246
What is -b135 (base 15) in base 13?
-1403c
Convert 2de (base 15) to base 7.
1631
What is 451a (base 13) in base 16?
25b8
258 (base 10) to base 9
316
Convert 1010100010 (base 2) to base 4.
22202
-b0 (base 15) to base 12
-119
-1bac (base 14) to base 4
-1032330
10212211 (base 3) to base 16
b0e
Convert 1368 (base 10) to base 16.
558
What is -17389 (base 12) in base 5?
-2031434
-121222221 (base 3) to base 16
-3067
579 (base 13) to base 9
1260
-21111002 (base 3) to base 10
-5456
Convert 177 (base 12) to base 2.
11101011
What is 1444 (base 6) in base 16?
184
Convert 2010011 (base 3) to base 6.
11051
-110120222 (base 3) to base 13
-4241
-2030 (base 6) to base 11
-37a
Convert -111101 (base 2) to base 11.
-56
Convert 2041421 (base 5) to base 3.
1201121202
-2300132 (base 4) to base 5
-330134
-211145 (base 6) to base 13
-7a48
What is -117 (base 11) in base 13?
-a9
What is -3011223 (base 4) in base 12?
-73a3
Convert -220110 (base 3) to base 12.
-470
Convert 1210 (base 8) to base 9.
800
What is 13200212 (base 4) in base 8?
74046
-2478 (base 9) to base 6
-12325
Convert -12543 (base 8) to base 7.
-21651
What is 18a (base 11) in base 8?
333
What is 253 (base 13) in base 4?
12112
Convert 31450 (base 6) to base 3.
12212110
Convert -365 (base 13) to base 12.
-412
What is -273 (base 8) in base 9?
-227
101001010 (base 2) to base 11
280
1046 (base 9) to base 5
11041
-2459 (base 14) to base 4
-1203033
Convert 603 (base 14) to base 7.
3303
791 (base 10) to base 15
37b
Convert -101000100111001 (base 2) to base 16.
-5139
-13525 (base 7) to base 12
-217a
Convert -23133222 (base 4) to base 15.
-de3c
Convert 932 (base 11) to base 9.
1478
17364 (base 9) to base 8
27275
Convert 11872 (base 9) to base 12.
476b
What is -1010420 (base 5) in base 12?
-9574
-4375 (base 8) to base 2
-100011111101
570 (base 8) to base 7
1045
What is -9569 (base 11) in base 12?
-73ab
What is 75a6 (base 13) in base 4?
3333220
Convert 1128 (base 16) to base 11.
3333
7032 (base 10) to base 16
1b78
5a1 (base 13) to base 5
12401
What is -125551 (base 7) in base 11?
-1680a
What is -16260 (base 7) in base 2?
-1000111110111
What is 12121121 (base 3) in base 13?
1b2b
What is 21128 (base 9) in base 8?
33206
Convert 252 (base 15) to base 14.
299
What is 2362 (base 7) in base 5?
12002
Convert -448 (base 16) to base 10.
-1096
-52033 (base 7) to base 2
-11000110101011
Convert -4242 (base 8) to base 9.
-3025
Convert -5237 (base 8) to base 11.
-2052
6961 (base 11) to base 7
35440
-56872 (base 9) to base 5
-2203032
What is -3c9 (base 15) in base 3?
-1012000
-6040 (base 16) to base 5
-1242030
3535 (base 6) to base 8
1523
Convert 400434 (base 5) to base 16.
314b
What is 393 (base 12) in base 15?
263
What is -101020221 (base 3) in base 5?
-2